3 - 5*w. Determine z(o).
9
Let l(k) = 2*k**3 - 4*k**2 + 3*k - 2. Let u(h) = -h - 5. Let z be u(-7). Calculate l(z).
4
Let o = 8 + -6. Let c(h) be the first derivative of -h**5/120 - h**4/24 + h**3 + 1. Let r(p) be the third derivative of c(p). Calculate r(o).
-3
Suppose 24 = 4*q - 4*d, -d + 0*d + 12 = 5*q. Suppose -2*c + 7*c + 2*k - 2 = 0, 3*c = 5*k + 26. Let b(f) = -8*f + 6*f - 1 + 7 - 2 + f**c. Calculate b(q).
7
Let i(v) = -v**3 - 5*v**2 + 5*v - 2. Let s be (-640)/25 + 2/(-5). Let l = 20 + s. What is i(l)?
4
Let r(u) be the second derivative of -u**3/6 - u**2 + 10*u. Determine r(-3).
1
Suppose -3*z - 4*a = -6, 5*z + a - 2*a - 10 = 0. Let o(c) = -20*c + c**z + 20*c. Give o(1).
1
Let o(d) = d**3 + 2*d**2 - 4*d + 1. Let s(a) = 5*a**2 + 2*a - 2. Let c be s(1). Suppose c*x - 11 + 26 = 0. Determine o(x).
4
Let o(z) be the third derivative of 9*z**2 + 0 + 0*z + 1/6*z**3 + 1/24*z**4. What is o(-5)?
-4
Let r(k) = -4*k**2 - 4*k**2 - 2*k**2 + k. Let t = -5 + 4. Give r(t).
-11
Let i(r) = -r**3 - 6*r**2 - 4*r + 6. Let v be (-1 + 1)*(-2 + 1). Suppose v*s + 4*s + 56 = 0. Let g = s + 9. Give i(g).
1
Let h = 16 + -11. Let p(v) = 3*v - h - 9*v - v**2 + 2*v**2. Let k be p(6). Let l(b) = -b**2 - 5*b - 6. Calculate l(k).
-6
Suppose 0 = d + 5*m - 1, 5*d - 3*m = 3*d + 2. Let h be 18/(-4) + d/(-2). Let l(v) = v**2 + 6*v - 2. Give l(h).
-7
Let w(x) be the first derivative of -17*x**4/4 + x - 14. Calculate w(1).
-16
Let f = 3 - -2. Let s(v) = v - 5. Calculate s(f).
0
Let q(u) be the third derivative of -u**4/24 + 2*u**3/3 - u**2. Let n be q(3). Let a(x) be the first derivative of x**4/4 - x**3/3 - x**2 + x + 7. What is a(n)?
-1
Let a(f) be the first derivative of f**4/2 - f**2/2 - f - 21. What is a(-1)?
-2
Suppose -5*h + 4*a = 26, 4*h - 5*h = -a + 6. Let u(g) = -2*g**3 + g**2 + g - 2. Give u(h).
16
Let v(h) = 4*h - 1. Let a be 2*6*(-2)/8. Let s(b) = 3*b - 2. Let p(m) = a*s(m) + 2*v(m). Calculate p(2).
2
Let d(o) be the first derivative of -2*o**4 + 2*o**3/3 + o**2 + o - 56. Calculate d(-1).
9
Let t(x) = -x. Let c be -5 - (0 - 4)*1. Calculate t(c).
1
Let v = 83 - 121. Let i be v/(-9) - (-16)/(-72). Let d(r) = -6 + 2 - 3*r + 4*r. Calculate d(i).
0
Suppose -4*m = 5*s - 74, 5*s = m + 43 + 51. Suppose -5*q + 7 = -s. Let a = 10 - q. Let n(g) = g. Calculate n(a).
5
Let s(u) = -2*u - 2. Let o be ((-2)/(-8))/(1/(-4)). Let m(h) = 1. Let i(j) = o*s(j) - 3*m(j). Suppose 2*a - 4 - 2 = 0. Determine i(a).
5
Let m(w) be the third derivative of -w**5/60 + w**3/2 - 2*w**2. Suppose f + 1 = -2. Determine m(f).
-6
Suppose -4*p - 3 = 4*r - 43, 0 = -2*r. Suppose -z - 4*z - p = 0. Let x(n) = -17*n - 11. Let u(g) = 11*g + 7. Let m(h) = 8*u(h) + 5*x(h). Calculate m(z).
-5
Let i(s) = -s**3 - 5*s**2 - s - 3. Let q be i(-5). Suppose -q*a = a + 6. Let g be ((0/(-1))/(-3))/a. Let k(d) = -d**3 - d**2 + d - 2. Determine k(g).
-2
Let n be (0 - -2)/(4/(-2)). Let p be (-16)/32*(n + 1). Let q(v) = -v**3 - v**2 - v - 7. What is q(p)?
-7
Let s = -6 - -9. Suppose -5*l = -s*o + 3, 2*l + 4 = 4*o + 6*l. Let i(t) be the third derivative of t**6/24 - t**5/60 + t**4/24 + t**2. What is i(o)?
5
Let q(n) = n**3 - n**2 - 2. Let p be q(2). Let k(u) be the second derivative of u**p - 1/2*u**3 - u + 0. What is k(3)?
-7
Let z(w) be the first derivative of -w**4/4 - 4*w**3/3 + 3*w**2 + 5*w + 13. Calculate z(-5).
0
Let q(b) = 5*b. Let j(r) = 4*r. Let w(t) = -6*j(t) + 5*q(t). Let l(s) = 4*s + 1. Let i(a) = l(a) - 2*w(a). Let g be (-2)/3*(8 - 2). Calculate i(g).
-7
Let f(h) be the third derivative of -h**5/60 + h**4/4 - 16*h**2. Give f(6).
0
Let y(i) = -4 + 1 - i**2 + 13*i + 0 - 7*i. Let u be y(3). Let w(j) be the first derivative of -j**4/4 + 7*j**3/3 - 5*j**2/2 + 1. Determine w(u).
6
Let u(f) = -f**2 - f + 1. Let q(w) = w**3 - 2*w**2 - 3*w + 4. Let v(i) = -q(i) + 4*u(i). Suppose -5*g + 2*g = -2*d - 2, -4*d + 2*g - 4 = 0. Calculate v(d).
0
Let n(i) = i**2 - 2*i - 4. Let v = -3 + 3. Suppose v = -2*t + 10. Suppose 2*y - 13 = -l - 4*l, -t*y + 4*l + 16 = 0. What is n(y)?
4
Let k(v) = 0*v**3 - 2*v - 4*v**2 + v + 5*v**2 + 2*v**3. Give k(-2).
-10
Let h(g) = 22*g**3 + 14*g**3 - 38*g**3. Give h(-1).
2
Let m(j) be the second derivative of j**8/6720 - j**7/840 - j**6/180 + j**5/30 - j**4/3 - 5*j. Let i(v) be the third derivative of m(v). What is i(4)?
4
Let r(v) = -7*v - 5. Let o(h) = -4*h - 3. Let n(q) = 10*o(q) - 6*r(q). Let p(k) = k**3 - 4*k**2 - 5*k - 1. Let s be p(5). Determine n(s).
-2
Let j(c) = -2*c**2 + c - 2. Let f be ((-27)/(-6))/(6/8). Suppose -4*w + 4*s = 0, w = f*w + 4*s - 18. Determine j(w).
-8
Let f(z) = -z - 2 - z**2 + 0 + z**3 + 0. Suppose 0*c - 2 = -2*c. Suppose -c = -3*b + 5. Calculate f(b).
0
Let w(i) = 4*i - 1. Let l = -7 - -11. Let q(b) = b - 7. Let a be q(9). Suppose 0 = c + a*h - l, -4*c - 3*h + 4 = -7*h. Give w(c).
7
Let k(t) = 2*t**2 - t + 2*t - 11*t**2 - 9 + 6*t**3. Let j(w) = -5*w**3 + 8*w**2 - w + 8. Let h(i) = -5*j(i) - 4*k(i). Let l = 88 + -84. Calculate h(l).
0
Suppose 4*x = 19 + 1. Let v(y) = -2*y - y**2 + 4*y - y - 2*y + x*y**3. What is v(-1)?
-5
Let t be 3/(0 - 3/6). Let n be ((-5)/((-15)/t))/2. Let a(y) = y**2 + 3*y + 1. What is a(n)?
-1
Let w(x) be the third derivative of 0 + 0*x - 1/60*x**5 + 3*x**2 + 0*x**4 + 0*x**3. Calculate w(-1).
-1
Let b(d) = d**3 + d - 2. Let q be 1*-1*(0 + -4). Let z be ((-8)/(-6))/(q/6). Suppose 2*f = z*n + 4, -f + n + 2 = -2*f. Calculate b(f).
-2
Let w(j) = 3*j + 3. Let p(n) = -9*n - 9. Let o(h) = -4*p(h) - 14*w(h). Determine o(-4).
18
Suppose -3*s - 10 = 50. Let w = s - -21. Let h(c) = 0*c**2 + 3*c**2 - 5*c**2 + 1 + 7*c**3. Calculate h(w).
6
Suppose 4*r - 24 = p, -2*r - 4*p = -0*p + 6. Let x(q) = q - 10. Let a be x(r). Let m(b) = b**2 + 5*b + 6. Determine m(a).
6
Let q = 510 + -510. Let b(l) be the second derivative of 0 + 2*l**2 - 1/20*l**5 + l + 1/6*l**3 + 1/12*l**4. Calculate b(q).
4
Let c(q) be the third derivative of -q**5/30 - 10*q**2 - 2*q. What is c(-3)?
-18
Let s(w) be the third derivative of -w**6/120 - w**5/10 - 5*w**4/24 + 2*w**3/3 - 48*w**2. Determine s(-5).
4
Let t(n) = -4 - 5*n + 2*n + 4*n**2 + 4*n. Let y(f) = -5*f**2 - 2*f + 4. Let k(h) = 6*t(h) + 5*y(h). Give k(-4).
-4
Let o(u) = 2*u**3 - 2*u**2 + 4*u - 2. Let r(k) = -k**3 + 2*k**2 - 4*k + 2. Let m(a) = -3*o(a) - 4*r(a). What is m(2)?
-18
Let v(q) = -2*q. Let k(i) = 1. Let y(t) = t - 5. Let l(j) = -4*k(j) - y(j). Let f(s) = 6*l(s) - 2*v(s). Determine f(5).
-4
Let d(b) be the third derivative of -b**5/120 - b**4/24 + 5*b**3/6 - 2*b**2. Let r(o) be the first derivative of d(o). Give r(-1).
0
Suppose 2*y = 6 - 0. Let h(d) be the second derivative of 3/2*d**2 - 1/12*d**4 + 0 + d + 1/3*d**y. Give h(-2).
-5
Let w(k) = k**2 - 9*k - 17. Let c be w(11). Let q(g) = g - 5. Give q(c).
0
Let s(n) be the third derivative of n**8/6720 + n**7/504 + n**5/30 - 3*n**4/8 - 2*n**2. Let w(c) be the second derivative of s(c). Calculate w(-5).
4
Let q(z) = z**3 - z**2 - z - 12. Suppose 3*w + 1 = 7. Suppose -2*j = w*j. What is q(j)?
-12
Let o(v) = 2*v**2 - 5*v**2 + 2*v + v**3 + 2*v - 2*v. Give o(2).
0
Let i(t) be the third derivative of -t**5/30 + t**4/8 - t**3/6 + t**2. Let v(q) = -3*q - 3. Let a be v(-2). What is i(a)?
-10
Let m be (-2)/(-8) + 23/4. Let a(o) = 2*o + 1 - 4 - 4. Let z(s) = -s + 6. Let p(g) = m*z(g) + 5*a(g). Give p(1).
5
Suppose -2*t + 1 + 9 = 0. Suppose 0 = -0*m + 3*m - 6. Let a(n) = 3*n**2 - n**3 + 1 + 1 + m*n**2. Calculate a(t).
2
Let b(d) = -10*d + 3. Let p(c) = 1 - 3 + 5*c + 0 + 4*c. Let x(s) = -6*b(s) - 7*p(s). Let y(a) = -a**3 - 5*a**2 + 7*a + 2. Let h be y(-6). Give x(h).
8
Let v(g) be the second derivative of g**3/3 + 3*g. Suppose 3*t + 29 = -4*r, 4*r - 3*t + 1 = 2*r. Determine v(r).
-10
Let u(g) be the second derivative of g**3/6 + 3*g**2 + g. Let j(w) = -3*w - 12. Suppose -4*k + 4 = -2*k. Let x(d) = k*j(d) + 5*u(d). Calculate x(0).
6
Let s(g) = 4*g**3 - 5*g**2 - 5*g - 3. Let d(w) = 4*w**3 - 4*w**2 - 4*w - 2. Let o(t) = 4*d(t) - 3*s(t). Let p be (-15)/6*2 + 2. Let a = p - -4. What is o(a)?
3
Suppose -3*h - 204 = -5*w, w - 4*w + h + 124 = 0. Suppose 5*s = -5*u - 31 - 19, -5*u = 4*s + w. Let j = 11 + s. Let k(b) = -b**3 + b**2 + 4*b + 1. What is k(j)?
-5
Let h(l) = -l**2 + 11*l + 16. Let y be h(12). Suppose 0 = 3*o - 9, -6*f - y*o = -4*f. Let x(s) = s**3 + 7*s**2 + 7*s + 2. Calculate x(f).
-4
Let